{"id":3,"date":"2024-02-28T08:27:41","date_gmt":"2024-02-28T08:27:41","guid":{"rendered":"https:\/\/balmilogistic.com\/home\/balmilogistic\/public_html\/?page_id=3"},"modified":"2024-03-18T14:42:09","modified_gmt":"2024-03-18T14:42:09","slug":"privacy-policy","status":"publish","type":"page","link":"https:\/\/balmilogistic.com\/?page_id=3","title":{"rendered":"Politica de confiden\u021bialitate"},"content":{"rendered":"\n<p>La BalmiLogistic, accesibil de pe&nbsp;<a href=\"https:\/\/balmilogistic.com\" data-type=\"link\" data-id=\"https:\/\/balmilogistic.com\">https:\/\/balmilogistic.com<\/a>, una dintre priorit\u0103\u021bile noastre principale este confiden\u021bialitatea vizitatorilor no\u0219tri. Acest document privind politica de confiden\u021bialitate con\u021bine tipuri de informa\u021bii care sunt colectate \u0219i \u00eenregistrate de BalmiLogistic \u0219i modul \u00een care le folosim.<\/p>\n\n\n\n<p>Dac\u0103 ave\u021bi \u00eentreb\u0103ri suplimentare sau ave\u021bi nevoie de mai multe informa\u021bii despre Politica noastr\u0103 de confiden\u021bialitate, nu ezita\u021bi s\u0103 ne contacta\u021bi.<\/p>\n\n\n\n<p>Aceast\u0103 politic\u0103 de confiden\u021bialitate se aplic\u0103 numai activit\u0103\u021bilor noastre online \u0219i este valabil\u0103 pentru vizitatorii site-ului nostru web \u00een ceea ce prive\u0219te informa\u021biile pe care le-au partajat \u0219i\/sau le colecteaz\u0103 de pe BalmiLogistic. Aceast\u0103 politic\u0103 nu se aplic\u0103 niciunei informa\u021bii colectate offline sau prin alte canale dec\u00e2t acest site web.<\/p>\n\n\n\n<h2 class=\"wp-block-heading\" id=\"headline-6-3\">Consim\u0163\u0103m\u00e2nt<\/h2>\n\n\n\n<p>Prin utilizarea site-ului nostru, v\u0103 exprima\u021bi \u00een mod implicit consim\u021b\u0103m\u00e2ntul fa\u021b\u0103 de Politica noastr\u0103 de confiden\u021bialitate \u0219i sunte\u021bi de acord cu termenii acesteia.<\/p>\n\n\n\n<h2 class=\"wp-block-heading\" id=\"headline-8-3\">Informa\u021biile pe care le colect\u0103m<\/h2>\n\n\n\n<p>Informa\u021biile personale pe care vi se cere s\u0103 le furniza\u021bi \u0219i motivele pentru care vi se solicit\u0103 vor fi clar specificate atunci c\u00e2nd v\u0103 cerem s\u0103 furniza\u021bi informa\u021bii personale.<\/p>\n\n\n\n<p>Dac\u0103 ne contacta\u021bi direct, putem primi informa\u021bii suplimentare despre dumneavoastr\u0103, cum ar fi numele, adresa de email, num\u0103rul de telefon, con\u021binutul mesajului \u0219i\/sau ata\u0219amentele pe care ni le pute\u021bi trimite \u0219i orice alte informa\u021bii pe care pute\u021bi alege s\u0103 le furniza\u021bi.<\/p>\n\n\n\n<p>Atunci c\u00e2nd v\u0103 \u00eenregistra\u021bi pentru un cont, v\u0103 putem solicita informa\u021bii de contact, inclusiv nume, nume companie, adres\u0103, adres\u0103 de email \u0219i num\u0103r de telefon.<\/p>\n\n\n\n<h2 class=\"wp-block-heading\" id=\"headline-10-3\">Cum folosim informa\u021biile<\/h2>\n\n\n\n<p>Utiliz\u0103m informa\u021biile pe care le colect\u0103m \u00een diverse moduri, inclusiv pentru:<\/p>\n\n\n\n<p>- Furnizarea, operarea \u0219i men\u021binerea site-ului nostru.<br>- \u00cembun\u0103t\u0103\u021birea, personalizarea \u0219i extinderea site-ului nostru.<br>- \u00cen\u021belegerea \u0219i analizarea modului \u00een care utiliza\u021bi site-ul nostru.<br>- Dezvoltarea de produse, servicii, func\u021bionalit\u0103\u021bi \u0219i caracteristici noi.<br>- Comunicarea cu dumneavoastr\u0103, fie direct, fie prin intermediul unuia dintre partenerii no\u0219tri, inclusiv \u00een scopul serviciului pentru clien\u021bi, pentru a v\u0103 furniza actualiz\u0103ri \u0219i alte informa\u021bii legate de site \u0219i \u00een scopuri de marketing \u0219i promovare.<br>- Trimiterea de email-uri.<br>- Identificarea \u0219i prevenirea fraudelor.<\/p>\n\n\n\n<h2 class=\"wp-block-heading\" id=\"headline-12-3\">Fi\u0219iere jurnal (Log Files)<\/h2>\n\n\n\n<p>BalmiLogistic urmeaz\u0103 o procedur\u0103 standard de utilizare a fi\u0219ierelor jurnal. Aceste fi\u0219iere \u00eenregistreaz\u0103 vizitatorii atunci c\u00e2nd ace\u0219tia acceseaz\u0103 site-uri web. Toate companiile de g\u0103zduire fac acest lucru, iar acesta face parte din analiza serviciilor de g\u0103zduire. Informa\u021biile colectate prin fi\u0219ierele jurnal includ adresele protocolului de internet (IP), tipul de browser, furnizorul de servicii de internet (ISP), marca temporar\u0103 a datei \u0219i orei, paginile de referin\u021b\u0103\/ie\u0219ire \u0219i posibil num\u0103rul de clicuri. Aceste informa\u021bii nu sunt asociate cu nicio informa\u021bie care ar putea fi identificat\u0103 personal. Scopul informa\u021biilor este de a analiza tendin\u021bele, de a administra site-ul, de a urm\u0103ri mi\u0219carea utilizatorilor pe site \u0219i de a aduna informa\u021bii demografice.<\/p>\n\n\n\n<h2 class=\"wp-block-heading\" id=\"headline-14-3\">Cookie-uri \u0219i Web Beacons<\/h2>\n\n\n\n<p>Ca orice alt site web, BalmiLogistic utilizeaz\u0103 \u201ecookie-uri\u201d. Aceste cookie-uri sunt folosite pentru a stoca informa\u021bii, inclusiv preferin\u021bele vizitatorilor \u0219i paginile pe care vizitatorii le-au accesat sau vizitat pe site. Informa\u021biile sunt utilizate pentru a optimiza experien\u021ba utilizatorilor prin personalizarea con\u021binutului paginii noastre web \u00een func\u021bie de tipul de browser al vizitatorilor \u0219i\/sau alte informa\u021bii.<\/p>\n\n\n\n<p>Pentru mai multe informa\u021bii generale despre cookie-uri, v\u0103 rug\u0103m s\u0103 citi\u021bi&nbsp;<a href=\"https:\/\/european-union.europa.eu\/cookies_ro\">articolul despre Cookie-uri de pe site-ul Uniunii Europene<\/a>.<\/p>\n\n\n\n<h2 class=\"wp-block-heading\" id=\"headline-16-3\">Partenerii no\u0219tri de publicitate<\/h2>\n\n\n\n<p>Unii dintre advertiserii de pe site-ul nostru pot utiliza cookie-uri \u0219i web beacons. Partenerii no\u0219tri de publicitate sunt enumera\u021bi mai jos. Fiecare dintre partenerii no\u0219tri de publicitate are propria lor Politic\u0103 de confiden\u021bialitate pentru politica lor privind datele utilizatorilor. Pentru acces mai u\u0219or, am ad\u0103ugat leg\u0103turi c\u0103tre Politicile lor de confiden\u021bialitate mai jos.<\/p>\n\n\n\n<p>Google:\u00a0<a href=\"https:\/\/policies.google.com\/technologies\/ads\"> Advertising \u2013 Privacy &amp; Terms<\/a><\/p>\n\n\n\n<p>Pute\u021bi consulta aceast\u0103 list\u0103 pentru a g\u0103si Politica de confiden\u021bialitate pentru fiecare dintre partenerii de publicitate ai BalmiLogistic.<\/p>\n\n\n\n<p>Serverele de anun\u021buri sau re\u021belele publicitare ter\u021b\u0103 parte utilizeaz\u0103 tehnologii precum cookie-uri, JavaScript sau Web Beacons, care sunt utilizate \u00een reclamele \u0219i linkurile respective care apar pe BalmiLogistic, care sunt trimise direct c\u0103tre browserul utilizatorilor. Ei primesc automat adresa dvs. IP atunci c\u00e2nd se \u00eent\u00e2mpl\u0103 acest lucru. Aceste tehnologii sunt folosite pentru a m\u0103sura eficacitatea campaniilor lor de publicitate \u0219i\/sau pentru a personaliza con\u021binutul publicitar pe care \u00eel vede\u021bi pe site-urile web pe care le vizita\u021bi.<\/p>\n\n\n\n<p>Re\u021bine\u021bi c\u0103 BalmiLogistic nu are acces sau control asupra acestor cookie-uri care sunt utilizate de agen\u021bii de publicitate ter\u021be.<\/p>\n\n\n\n<h2 class=\"wp-block-heading\" id=\"headline-18-3\">Politicile de confiden\u021bialitate ale ter\u021bilor<\/h2>\n\n\n\n<p>Politica de confiden\u021bialitate a AllSmallPets nu se aplic\u0103 altor agen\u021bi de publicitate sau site-uri web. Astfel, v\u0103 sf\u0103tuim s\u0103 consulta\u021bi Politicile de confiden\u021bialitate respective ale acestor site-uri de anun\u021buri ter\u021be pentru informa\u021bii mai detaliate. Acestea pot include practicile \u0219i instruc\u021biunile lor despre cum s\u0103 renun\u021ba\u021bi la anumite op\u021biuni.<\/p>\n\n\n\n<h2 class=\"wp-block-heading\" id=\"headline-20-3\">Drepturile privind protec\u021bia datelor conform GDPR<\/h2>\n\n\n\n<p>Dorim s\u0103 ne asigur\u0103m c\u0103 sunte\u021bi pe deplin con\u0219tient de toate drepturile dvs. privind protec\u021bia datelor. Fiecare utilizator are dreptul la urm\u0103toarele:<\/p>\n\n\n\n<p>&nbsp;\u2022 Dreptul la acces - Ave\u021bi dreptul de a solicita copii ale datelor dvs. personale. Putem percepe o mic\u0103 tax\u0103 pentru acest serviciu.<br>&nbsp;\u2022 Dreptul la rectificare - Ave\u021bi dreptul de a solicita corectarea oric\u0103ror informa\u021bii pe care le considera\u021bi inexacte. Ave\u021bi, de asemenea, dreptul de a solicita completarea informa\u021biilor pe care le considera\u021bi incomplete.<br>&nbsp;\u2022 Dreptul la \u0219tergere - Ave\u021bi dreptul de a solicita \u0219tergerea datelor dvs. personale, \u00een anumite condi\u021bii.<br>&nbsp;\u2022 Dreptul la restric\u021bionarea prelucr\u0103rii - Ave\u021bi dreptul de a solicita restric\u021bionarea prelucr\u0103rii datelor dvs. personale, \u00een anumite condi\u021bii.<br>&nbsp;\u2022 Dreptul la obiec\u021bie \u00eempotriva prelucr\u0103rii - Ave\u021bi dreptul de a obiecta la prelucrarea datelor dvs. personale de c\u0103tre noi, \u00een anumite condi\u021bii.<br>&nbsp;\u2022 Dreptul la portabilitatea datelor - Ave\u021bi dreptul de a solicita transferul datelor pe care le-am colectat c\u0103tre o alt\u0103 organiza\u021bie sau direct c\u0103tre dvs., \u00een anumite condi\u021bii.<\/p>\n\n\n\n<p>Dac\u0103 face\u021bi o solicitare, avem o lun\u0103 pentru a v\u0103 r\u0103spunde. Dac\u0103 dori\u021bi s\u0103 exercita\u021bi oricare dintre aceste drepturi, v\u0103 rug\u0103m s\u0103 ne contacta\u021bi.<\/p>\n\n\n\n<h2 class=\"wp-block-heading\" id=\"headline-22-3\">Informa\u021bii despre copii<\/h2>\n\n\n\n<p>O alt\u0103 parte a priorit\u0103\u021bii noastre este ad\u0103ugarea protec\u021biei pentru copii \u00een timp ce utilizeaz\u0103 internetul. \u00cencuraj\u0103m p\u0103rin\u021bii \u0219i tutorele s\u0103 observe, s\u0103 participe \u0219i\/sau s\u0103 monitorizeze \u0219i s\u0103 \u00eendrume activit\u0103\u021bile online ale copiilor lor.<\/p>\n\n\n\n<p>BalmiLogistic nu colecteaz\u0103 \u00een mod inten\u021bionat nicio informa\u021bie personal identificabil\u0103 de la copii cu v\u00e2rsta sub 14 ani. Dac\u0103 crede\u021bi c\u0103 copilul dumneavoastr\u0103 a furnizat astfel de informa\u021bii pe site-ul nostru, v\u0103 \u00eendemn\u0103m cu t\u0103rie s\u0103 ne contacta\u021bi imediat \u0219i vom face tot posibilul s\u0103 \u00eenl\u0103tur\u0103m rapid astfel de informa\u021bii din \u00eenregistr\u0103rile noastre.<\/p>\n","protected":false},"excerpt":{"rendered":"<p>La BalmiLogistic, accesibil de pe&nbsp;https:\/\/balmilogistic.com, una dintre priorit\u0103\u021bile noastre principale este confiden\u021bialitatea vizitatorilor no\u0219tri. Acest document privind politica de confiden\u021bialitate con\u021bine tipuri de informa\u021bii care sunt colectate \u0219i \u00eenregistrate de BalmiLogistic \u0219i modul \u00een care le folosim. Dac\u0103 ave\u021bi \u00eentreb\u0103ri suplimentare sau ave\u021bi nevoie de mai multe informa\u021bii despre Politica noastr\u0103 de confiden\u021bialitate, nu ezita\u021bi [&hellip;]<\/p>\n","protected":false},"author":1,"featured_media":0,"parent":0,"menu_order":0,"comment_status":"closed","ping_status":"open","template":"","meta":{"inline_featured_image":false,"footnotes":""},"class_list":["post-3","page","type-page","status-publish","hentry"],"_links":{"self":[{"href":"https:\/\/balmilogistic.com\/index.php?rest_route=\/wp\/v2\/pages\/3","targetHints":{"allow":["GET"]}}],"collection":[{"href":"https:\/\/balmilogistic.com\/index.php?rest_route=\/wp\/v2\/pages"}],"about":[{"href":"https:\/\/balmilogistic.com\/index.php?rest_route=\/wp\/v2\/types\/page"}],"author":[{"embeddable":true,"href":"https:\/\/balmilogistic.com\/index.php?rest_route=\/wp\/v2\/users\/1"}],"replies":[{"embeddable":true,"href":"https:\/\/balmilogistic.com\/index.php?rest_route=%2Fwp%2Fv2%2Fcomments&post=3"}],"version-history":[{"count":3,"href":"https:\/\/balmilogistic.com\/index.php?rest_route=\/wp\/v2\/pages\/3\/revisions"}],"predecessor-version":[{"id":153,"href":"https:\/\/balmilogistic.com\/index.php?rest_route=\/wp\/v2\/pages\/3\/revisions\/153"}],"wp:attachment":[{"href":"https:\/\/balmilogistic.com\/index.php?rest_route=%2Fwp%2Fv2%2Fmedia&parent=3"}],"curies":[{"name":"wp","href":"https:\/\/api.w.org\/{rel}","templated":true}]}}